{"id":815,"date":"2025-11-12T16:34:16","date_gmt":"2025-11-12T15:34:16","guid":{"rendered":"https:\/\/merindolenfete.fr\/?page_id=815"},"modified":"2025-11-12T16:36:50","modified_gmt":"2025-11-12T15:36:50","slug":"m_n_message_fin_inscriptions","status":"publish","type":"page","link":"https:\/\/merindolenfete.fr\/index.php\/m_n_message_fin_inscriptions\/","title":{"rendered":"M_N_message_fin_inscriptions"},"content":{"rendered":"\t\t<div data-elementor-type=\"wp-page\" data-elementor-id=\"815\" class=\"elementor elementor-815\" data-elementor-post-type=\"page\">\n\t\t\t\t<div class=\"elementor-element elementor-element-bbfc659 e-con-full e-flex e-con e-parent\" data-id=\"bbfc659\" data-element_type=\"container\">\n\t\t\t\t<div class=\"elementor-element elementor-element-dc0d236 elementor-pagination-position-outside elementor-widget-tablet__width-inherit elementor-widget-mobile__width-inherit elementor--h-position-center elementor--v-position-middle elementor-arrows-position-inside elementor-widget elementor-widget-slides\" data-id=\"dc0d236\" data-element_type=\"widget\" data-settings=\"{&quot;navigation&quot;:&quot;both&quot;,&quot;autoplay&quot;:&quot;yes&quot;,&quot;pause_on_hover&quot;:&quot;yes&quot;,&quot;pause_on_interaction&quot;:&quot;yes&quot;,&quot;autoplay_speed&quot;:5000,&quot;infinite&quot;:&quot;yes&quot;,&quot;transition&quot;:&quot;slide&quot;,&quot;transition_speed&quot;:500}\" data-widget_type=\"slides.default\">\n\t\t\t\t<div class=\"elementor-widget-container\">\n\t\t\t\t\t<div class=\"elementor-swiper\">\n\t\t\t<div class=\"elementor-slides-wrapper elementor-main-swiper swiper\" dir=\"ltr\" data-animation=\"fadeInUp\">\n\t\t\t\t<div class=\"swiper-wrapper elementor-slides\">\n\t\t\t\t\t\t\t\t\t\t<div class=\"elementor-repeater-item-570f27b swiper-slide\"><div class=\"swiper-slide-bg\" role=\"img\"><\/div><div class=\"swiper-slide-inner\" ><div class=\"swiper-slide-contents\"><\/div><\/div><\/div>\t\t\t\t<\/div>\n\t\t\t\t\t\t\t<\/div>\n\t\t<\/div>\n\t\t\t\t<\/div>\n\t\t\t\t<\/div>\n\t\t\t\t<\/div>\n\t\t<div class=\"elementor-element elementor-element-7b74254 e-flex e-con-boxed e-con e-parent\" data-id=\"7b74254\" data-element_type=\"container\">\n\t\t\t\t\t<div class=\"e-con-inner\">\n\t\t<div class=\"elementor-element elementor-element-1e7dbf8 e-con-full e-flex e-con e-child\" data-id=\"1e7dbf8\" data-element_type=\"container\">\n\t\t\t\t<\/div>\n\t\t<div class=\"elementor-element elementor-element-b93c8f7 e-con-full e-flex e-con e-child\" data-id=\"b93c8f7\" data-element_type=\"container\">\n\t\t\t\t<div class=\"elementor-element elementor-element-4dc633a elementor-widget elementor-widget-heading\" data-id=\"4dc633a\" data-element_type=\"widget\" data-widget_type=\"heading.default\">\n\t\t\t\t<div class=\"elementor-widget-container\">\n\t\t\t<h1 class=\"elementor-heading-title elementor-size-default\">March\u00e9 de No\u00ebl 2025<\/h1>\t\t<\/div>\n\t\t\t\t<\/div>\n\t\t\t\t<\/div>\n\t\t<div class=\"elementor-element elementor-element-5f55408 e-con-full e-flex e-con e-child\" data-id=\"5f55408\" data-element_type=\"container\">\n\t\t\t\t<\/div>\n\t\t\t\t\t<\/div>\n\t\t\t\t<\/div>\n\t\t<div class=\"elementor-element elementor-element-9435795 e-con-full e-flex e-con e-child\" data-id=\"9435795\" data-element_type=\"container\">\n\t\t\t\t<div class=\"elementor-element elementor-element-314adc5 elementor-widget elementor-widget-text-editor\" data-id=\"314adc5\" data-element_type=\"widget\" data-widget_type=\"text-editor.default\">\n\t\t\t\t<div class=\"elementor-widget-container\">\n\t\t\t\t\t\t\t<p>Cette ann\u00e9e le March\u00e9 de No\u00ebl aura lieu le <strong>dimanche 23 novembre<\/strong> de <strong>9h \u00e0 17h<\/strong>.<\/p><p>Les inscriptions pour le March\u00e9 de No\u00ebl 2025 sont d\u00e9sormais closes.<\/p>\t\t\t\t\t\t<\/div>\n\t\t\t\t<\/div>\n\t\t\t\t<\/div>\n\t\t\t\t<\/div>\n\t\t","protected":false},"excerpt":{"rendered":"<p>March\u00e9 de No\u00ebl 2025 Cette ann\u00e9e le March\u00e9 de No\u00ebl aura lieu le dimanche 23 novembre de 9h \u00e0 17h. Les inscriptions pour le March\u00e9 de No\u00ebl 2025 sont d\u00e9sormais closes.<\/p>\n","protected":false},"author":1,"featured_media":0,"parent":0,"menu_order":0,"comment_status":"closed","ping_status":"closed","template":"","meta":{"footnotes":""},"class_list":["post-815","page","type-page","status-publish","hentry"],"_links":{"self":[{"href":"https:\/\/merindolenfete.fr\/index.php\/wp-json\/wp\/v2\/pages\/815","targetHints":{"allow":["GET"]}}],"collection":[{"href":"https:\/\/merindolenfete.fr\/index.php\/wp-json\/wp\/v2\/pages"}],"about":[{"href":"https:\/\/merindolenfete.fr\/index.php\/wp-json\/wp\/v2\/types\/page"}],"author":[{"embeddable":true,"href":"https:\/\/merindolenfete.fr\/index.php\/wp-json\/wp\/v2\/users\/1"}],"replies":[{"embeddable":true,"href":"https:\/\/merindolenfete.fr\/index.php\/wp-json\/wp\/v2\/comments?post=815"}],"version-history":[{"count":4,"href":"https:\/\/merindolenfete.fr\/index.php\/wp-json\/wp\/v2\/pages\/815\/revisions"}],"predecessor-version":[{"id":819,"href":"https:\/\/merindolenfete.fr\/index.php\/wp-json\/wp\/v2\/pages\/815\/revisions\/819"}],"wp:attachment":[{"href":"https:\/\/merindolenfete.fr\/index.php\/wp-json\/wp\/v2\/media?parent=815"}],"curies":[{"name":"wp","href":"https:\/\/api.w.org\/{rel}","templated":true}]}}

<div data-elementor-type="wp-page" data-elementor-id="815" class="elementor elementor-815" data-elementor-post-type="page">
				<div class="elementor-element elementor-element-bbfc659 e-con-full e-flex e-con e-parent" data-id="bbfc659" data-element_type="container">
				<div class="elementor-element elementor-element-dc0d236 elementor-pagination-position-outside elementor-widget-tablet__width-inherit elementor-widget-mobile__width-inherit elementor--h-position-center elementor--v-position-middle elementor-arrows-position-inside elementor-widget elementor-widget-slides" data-id="dc0d236" data-element_type="widget" data-settings="{&quot;navigation&quot;:&quot;both&quot;,&quot;autoplay&quot;:&quot;yes&quot;,&quot;pause_on_hover&quot;:&quot;yes&quot;,&quot;pause_on_interaction&quot;:&quot;yes&quot;,&quot;autoplay_speed&quot;:5000,&quot;infinite&quot;:&quot;yes&quot;,&quot;transition&quot;:&quot;slide&quot;,&quot;transition_speed&quot;:500}" data-widget_type="slides.default">
				<div class="elementor-widget-container">
					<div class="elementor-swiper">
			<div class="elementor-slides-wrapper elementor-main-swiper swiper" dir="ltr" data-animation="fadeInUp">
				<div class="swiper-wrapper elementor-slides">
										<div class="elementor-repeater-item-570f27b swiper-slide"><div class="swiper-slide-bg" role="img"></div><div class="swiper-slide-inner" ><div class="swiper-slide-contents"></div></div></div>				</div>
							</div>
		</div>
				</div>
				</div>
				</div>
		<div class="elementor-element elementor-element-7b74254 e-flex e-con-boxed e-con e-parent" data-id="7b74254" data-element_type="container">
					<div class="e-con-inner">
		<div class="elementor-element elementor-element-1e7dbf8 e-con-full e-flex e-con e-child" data-id="1e7dbf8" data-element_type="container">
				</div>
		<div class="elementor-element elementor-element-b93c8f7 e-con-full e-flex e-con e-child" data-id="b93c8f7" data-element_type="container">
				<div class="elementor-element elementor-element-4dc633a elementor-widget elementor-widget-heading" data-id="4dc633a" data-element_type="widget" data-widget_type="heading.default">
				<div class="elementor-widget-container">
			<h1 class="elementor-heading-title elementor-size-default">Marché de Noël 2025</h1>		</div>
				</div>
				</div>
		<div class="elementor-element elementor-element-5f55408 e-con-full e-flex e-con e-child" data-id="5f55408" data-element_type="container">
				</div>
					</div>
				</div>
		<div class="elementor-element elementor-element-9435795 e-con-full e-flex e-con e-child" data-id="9435795" data-element_type="container">
				<div class="elementor-element elementor-element-314adc5 elementor-widget elementor-widget-text-editor" data-id="314adc5" data-element_type="widget" data-widget_type="text-editor.default">
				<div class="elementor-widget-container">
							<p>Cette année le Marché de Noël aura lieu le <strong>dimanche 23 novembre</strong> de <strong>9h à 17h</strong>.</p><p>Les inscriptions pour le Marché de Noël 2025 sont désormais closes.</p>						</div>
				</div>
				</div>
				</div>

<p>Marché de Noël 2025 Cette année le Marché de Noël aura lieu le dimanche 23 novembre de 9h à 17h. Les inscriptions pour le Marché de Noël 2025 sont désormais closes.</p>
