{"id":273,"date":"2024-05-11T13:18:03","date_gmt":"2024-05-11T11:18:03","guid":{"rendered":"https:\/\/merindolenfete.fr\/?page_id=273"},"modified":"2024-09-11T23:43:09","modified_gmt":"2024-09-11T21:43:09","slug":"merci","status":"publish","type":"page","link":"https:\/\/merindolenfete.fr\/index.php\/merci\/","title":{"rendered":"merci"},"content":{"rendered":"\t\t<div data-elementor-type=\"wp-page\" data-elementor-id=\"273\" class=\"elementor elementor-273\" data-elementor-post-type=\"page\">\n\t\t\t\t<div class=\"elementor-element elementor-element-82de027 e-flex e-con-boxed e-con e-parent\" data-id=\"82de027\" data-element_type=\"container\">\n\t\t\t\t\t<div class=\"e-con-inner\">\n\t\t<div class=\"elementor-element elementor-element-fcefaa7 e-con-full e-flex e-con e-child\" data-id=\"fcefaa7\" data-element_type=\"container\">\n\t\t\t\t<\/div>\n\t\t<div class=\"elementor-element elementor-element-3c162ce e-con-full e-flex e-con e-child\" data-id=\"3c162ce\" data-element_type=\"container\">\n\t\t\t\t<div class=\"elementor-element elementor-element-2650ee3 elementor-cta--layout-image-right elementor-cta--valign-middle elementor-cta--mobile-layout-image-above elementor-cta--skin-classic elementor-animated-content elementor-widget elementor-widget-call-to-action\" data-id=\"2650ee3\" data-element_type=\"widget\" data-widget_type=\"call-to-action.default\">\n\t\t\t\t<div class=\"elementor-widget-container\">\n\t\t\t\t\t<div class=\"elementor-cta\">\n\t\t\t\t\t\t\t<div class=\"elementor-cta__content\">\n\t\t\t\t\n\t\t\t\t\t\t\t\t\t<h2 class=\"elementor-cta__title elementor-cta__content-item elementor-content-item\">\n\t\t\t\t\t\tMerci !\t\t\t\t\t<\/h2>\n\t\t\t\t\n\t\t\t\t\t\t\t\t\t<div class=\"elementor-cta__description elementor-cta__content-item elementor-content-item\">\n\t\t\t\t\t\tVotre inscription a bien \u00e9t\u00e9 prise en compte. <br> Vous devriez rapidement recevoir un e-mail de confirmation de la part de notre \u00e9quipe.\t\t\t\t\t<\/div>\n\t\t\t\t\n\t\t\t\t\t\t\t\t\t<div class=\"elementor-cta__button-wrapper elementor-cta__content-item elementor-content-item \">\n\t\t\t\t\t<a class=\"elementor-cta__button elementor-button elementor-size-md\" href=\"https:\/\/merindolenfete.fr\">\n\t\t\t\t\t\tOK\t\t\t\t\t<\/a>\n\t\t\t\t\t<\/div>\n\t\t\t\t\t\t\t<\/div>\n\t\t\t\t\t\t<\/div>\n\t\t\t\t<\/div>\n\t\t\t\t<\/div>\n\t\t\t\t<\/div>\n\t\t<div class=\"elementor-element elementor-element-7e654df e-con-full e-flex e-con e-child\" data-id=\"7e654df\" data-element_type=\"container\">\n\t\t\t\t<\/div>\n\t\t\t\t\t<\/div>\n\t\t\t\t<\/div>\n\t\t\t\t<\/div>\n\t\t","protected":false},"excerpt":{"rendered":"<p>Merci ! Votre inscription a bien \u00e9t\u00e9 prise en compte. Vous devriez rapidement recevoir un e-mail de confirmation de la part de notre \u00e9quipe. OK<\/p>\n","protected":false},"author":1,"featured_media":0,"parent":0,"menu_order":0,"comment_status":"closed","ping_status":"closed","template":"","meta":{"footnotes":""},"class_list":["post-273","page","type-page","status-publish","hentry"],"_links":{"self":[{"href":"https:\/\/merindolenfete.fr\/index.php\/wp-json\/wp\/v2\/pages\/273","targetHints":{"allow":["GET"]}}],"collection":[{"href":"https:\/\/merindolenfete.fr\/index.php\/wp-json\/wp\/v2\/pages"}],"about":[{"href":"https:\/\/merindolenfete.fr\/index.php\/wp-json\/wp\/v2\/types\/page"}],"author":[{"embeddable":true,"href":"https:\/\/merindolenfete.fr\/index.php\/wp-json\/wp\/v2\/users\/1"}],"replies":[{"embeddable":true,"href":"https:\/\/merindolenfete.fr\/index.php\/wp-json\/wp\/v2\/comments?post=273"}],"version-history":[{"count":32,"href":"https:\/\/merindolenfete.fr\/index.php\/wp-json\/wp\/v2\/pages\/273\/revisions"}],"predecessor-version":[{"id":558,"href":"https:\/\/merindolenfete.fr\/index.php\/wp-json\/wp\/v2\/pages\/273\/revisions\/558"}],"wp:attachment":[{"href":"https:\/\/merindolenfete.fr\/index.php\/wp-json\/wp\/v2\/media?parent=273"}],"curies":[{"name":"wp","href":"https:\/\/api.w.org\/{rel}","templated":true}]}}